{"id":82,"date":"2025-11-25T13:12:09","date_gmt":"2025-11-25T13:12:09","guid":{"rendered":"https:\/\/sebastianrabinowicz.com\/?page_id=82"},"modified":"2025-11-25T13:12:10","modified_gmt":"2025-11-25T13:12:10","slug":"politica-de-privacidad","status":"publish","type":"page","link":"https:\/\/sebastianrabinowicz.com\/index.php\/politica-de-privacidad\/","title":{"rendered":"Pol\u00edtica de Privacidad"},"content":{"rendered":"\n[et_pb_section fb_built=\u00bb1&#8243; admin_label=\u00bbHeader\u00bb _builder_version=\u00bb4.24.3&#8243; _module_preset=\u00bbdefault\u00bb background_enable_color=\u00bboff\u00bb use_background_color_gradient=\u00bbon\u00bb background_color_gradient_stops=\u00bb#000f72 2%|#ffffff 100%\u00bb custom_padding=\u00bb0px||0px||true|false\u00bb collapsed=\u00bbon\u00bb global_colors_info=\u00bb{%22gcid-1cd7305f-fd20-421c-b36d-bb3da4e244c4%22:%91%22background_color%22%93}\u00bb theme_builder_area=\u00bbpost_content\u00bb][et_pb_row _builder_version=\u00bb4.24.2&#8243; _module_preset=\u00bbdefault\u00bb max_width=\u00bbnone\u00bb custom_padding=\u00bb||0px|||\u00bb global_colors_info=\u00bb{}\u00bb theme_builder_area=\u00bbpost_content\u00bb][et_pb_column type=\u00bb4_4&#8243; _builder_version=\u00bb4.23.1&#8243; _module_preset=\u00bbdefault\u00bb global_colors_info=\u00bb{}\u00bb theme_builder_area=\u00bbpost_content\u00bb][et_pb_text _builder_version=\u00bb4.27.4&#8243; _module_preset=\u00bb_initial\u00bb header_font=\u00bbPoppins|600|||||||\u00bb header_text_color=\u00bb#FFFFFF\u00bb header_font_size=\u00bb60px\u00bb header_line_height=\u00bb1.2em\u00bb custom_margin=\u00bb||30px||false|false\u00bb header_font_size_tablet=\u00bb40px\u00bb header_font_size_phone=\u00bb24px\u00bb header_font_size_last_edited=\u00bbon|desktop\u00bb global_colors_info=\u00bb{}\u00bb theme_builder_area=\u00bbpost_content\u00bb]<h1 style=\"text-align: center;\">Pol\u00edticas de Privacidad<\/h1>[\/et_pb_text][\/et_pb_column][\/et_pb_row][et_pb_row _builder_version=\u00bb4.27.4&#8243; _module_preset=\u00bbdefault\u00bb global_colors_info=\u00bb{}\u00bb theme_builder_area=\u00bbpost_content\u00bb][et_pb_column type=\u00bb4_4&#8243; _builder_version=\u00bb4.27.4&#8243; _module_preset=\u00bbdefault\u00bb global_colors_info=\u00bb{}\u00bb theme_builder_area=\u00bbpost_content\u00bb][et_pb_divider show_divider=\u00bboff\u00bb _builder_version=\u00bb4.27.4&#8243; _module_preset=\u00bbdefault\u00bb global_colors_info=\u00bb{}\u00bb theme_builder_area=\u00bbpost_content\u00bb][\/et_pb_divider][\/et_pb_column][\/et_pb_row][\/et_pb_section][et_pb_section fb_built=\u00bb1&#8243; admin_label=\u00bbSocial Proof\u00bb _builder_version=\u00bb4.27.4&#8243; _module_preset=\u00bbdefault\u00bb collapsed=\u00bbon\u00bb global_colors_info=\u00bb{}\u00bb theme_builder_area=\u00bbpost_content\u00bb][et_pb_row _builder_version=\u00bb4.23.1&#8243; _module_preset=\u00bbdefault\u00bb max_width=\u00bb1176px\u00bb module_alignment=\u00bbcenter\u00bb locked=\u00bboff\u00bb global_colors_info=\u00bb{}\u00bb theme_builder_area=\u00bbpost_content\u00bb][et_pb_column type=\u00bb4_4&#8243; _builder_version=\u00bb4.23.1&#8243; _module_preset=\u00bbdefault\u00bb global_colors_info=\u00bb{}\u00bb theme_builder_area=\u00bbpost_content\u00bb][et_pb_text _builder_version=\u00bb4.27.4&#8243; _module_preset=\u00bb_initial\u00bb text_font=\u00bbMontserrat||||||||\u00bb text_font_size=\u00bb16px\u00bb text_line_height=\u00bb1.8em\u00bb text_orientation=\u00bbcenter\u00bb module_alignment=\u00bbcenter\u00bb text_font_size_tablet=\u00bb15px\u00bb text_font_size_phone=\u00bb14px\u00bb text_font_size_last_edited=\u00bbon|desktop\u00bb global_colors_info=\u00bb{}\u00bb theme_builder_area=\u00bbpost_content\u00bb]<p data-start=\"372\" data-end=\"756\">En <strong data-start=\"375\" data-end=\"394\">GPE Consultores<\/strong> nos comprometemos a proteger la privacidad y la seguridad de los datos personales que nos proporcionan nuestros usuarios, clientes y visitantes. Esta Pol\u00edtica de Privacidad describe c\u00f3mo recopilamos, utilizamos, almacenamos y resguardamos la informaci\u00f3n personal en cumplimiento con la Ley N.\u00ba 25.326 de Protecci\u00f3n de Datos Personales de la Rep\u00fablica Argentina.<\/p>\n<hr data-start=\"758\" data-end=\"761\" \/>\n<h2 data-start=\"763\" data-end=\"813\"><strong data-start=\"766\" data-end=\"813\">1. Responsable del tratamiento de los datos<\/strong><\/h2>\n<p data-start=\"814\" data-end=\"930\"><strong data-start=\"814\" data-end=\"833\">GPE Consultores<\/strong><br data-start=\"833\" data-end=\"836\" \/>(Agregar direcci\u00f3n comercial si corresponde)<br data-start=\"880\" data-end=\"883\" \/>Correo de contacto: <strong data-start=\"903\" data-end=\"930\"><a data-start=\"905\" data-end=\"928\" class=\"decorated-link cursor-pointer\" rel=\"noopener\">info@gpeconsultores.com<span aria-hidden=\"true\" class=\"ms-0.5 inline-block align-middle leading-none\"><svg width=\"20\" height=\"20\" viewbox=\"0 0 20 20\" fill=\"currentColor\" xmlns=\"http:\/\/www.w3.org\/2000\/svg\" data-rtl-flip=\"\" class=\"block h-[0.75em] w-[0.75em] stroke-current stroke-[0.75]\"><path d=\"M14.3349 13.3301V6.60645L5.47065 15.4707C5.21095 15.7304 4.78895 15.7304 4.52925 15.4707C4.26955 15.211 4.26955 14.789 4.52925 14.5293L13.3935 5.66504H6.66011C6.29284 5.66504 5.99507 5.36727 5.99507 5C5.99507 4.63273 6.29284 4.33496 6.66011 4.33496H14.9999L15.1337 4.34863C15.4369 4.41057 15.665 4.67857 15.665 5V13.3301C15.6649 13.6973 15.3672 13.9951 14.9999 13.9951C14.6327 13.9951 14.335 13.6973 14.3349 13.3301Z\"><\/path><\/svg><\/span><\/a><\/strong><\/p>\n<hr data-start=\"932\" data-end=\"935\" \/>\n<h2 data-start=\"937\" data-end=\"968\"><strong data-start=\"940\" data-end=\"968\">2. Datos que recopilamos<\/strong><\/h2>\n<p data-start=\"969\" data-end=\"1028\">Podemos recopilar las siguientes categor\u00edas de informaci\u00f3n:<\/p>\n<h3 data-start=\"1030\" data-end=\"1078\"><strong data-start=\"1034\" data-end=\"1078\">a. Datos proporcionados voluntariamente:<\/strong><\/h3>\n<ul data-start=\"1079\" data-end=\"1344\">\n<li data-start=\"1079\" data-end=\"1100\">\n<p data-start=\"1081\" data-end=\"1100\">Nombre y apellido<\/p>\n<\/li>\n<li data-start=\"1101\" data-end=\"1136\">\n<p data-start=\"1103\" data-end=\"1136\">Direcci\u00f3n de correo electr\u00f3nico<\/p>\n<\/li>\n<li data-start=\"1137\" data-end=\"1149\">\n<p data-start=\"1139\" data-end=\"1149\">Tel\u00e9fono<\/p>\n<\/li>\n<li data-start=\"1150\" data-end=\"1169\">\n<p data-start=\"1152\" data-end=\"1169\">Empresa y cargo<\/p>\n<\/li>\n<li data-start=\"1170\" data-end=\"1280\">\n<p data-start=\"1172\" data-end=\"1280\">Informaci\u00f3n enviada a trav\u00e9s de formularios de contacto, inscripci\u00f3n a cursos o solicitudes de informaci\u00f3n<\/p>\n<\/li>\n<li data-start=\"1281\" data-end=\"1344\">\n<p data-start=\"1283\" data-end=\"1344\">Datos necesarios para facturaci\u00f3n o contrataci\u00f3n de servicios<\/p>\n<\/li>\n<\/ul>\n<h3 data-start=\"1346\" data-end=\"1391\"><strong data-start=\"1350\" data-end=\"1391\">b. Datos recopilados autom\u00e1ticamente:<\/strong><\/h3>\n<ul data-start=\"1392\" data-end=\"1532\">\n<li data-start=\"1392\" data-end=\"1408\">\n<p data-start=\"1394\" data-end=\"1408\">Direcci\u00f3n IP<\/p>\n<\/li>\n<li data-start=\"1409\" data-end=\"1444\">\n<p data-start=\"1411\" data-end=\"1444\">Tipo de dispositivo y navegador<\/p>\n<\/li>\n<li data-start=\"1445\" data-end=\"1480\">\n<p data-start=\"1447\" data-end=\"1480\">Cookies y tecnolog\u00edas similares<\/p>\n<\/li>\n<li data-start=\"1481\" data-end=\"1532\">\n<p data-start=\"1483\" data-end=\"1532\">Estad\u00edsticas de navegaci\u00f3n dentro del sitio web<\/p>\n<\/li>\n<\/ul>\n<hr data-start=\"1534\" data-end=\"1537\" \/>\n<h2 data-start=\"1539\" data-end=\"1574\"><strong data-start=\"1542\" data-end=\"1574\">3. Finalidad del tratamiento<\/strong><\/h2>\n<p data-start=\"1575\" data-end=\"1650\">Los datos personales ser\u00e1n utilizados \u00fanicamente para los siguientes fines:<\/p>\n<ul data-start=\"1652\" data-end=\"2056\">\n<li data-start=\"1652\" data-end=\"1721\">\n<p data-start=\"1654\" data-end=\"1721\">Gestionar consultas o solicitudes enviadas a trav\u00e9s del sitio web<\/p>\n<\/li>\n<li data-start=\"1722\" data-end=\"1795\">\n<p data-start=\"1724\" data-end=\"1795\">Brindar informaci\u00f3n sobre servicios, cursos, capacitaciones y eventos<\/p>\n<\/li>\n<li data-start=\"1796\" data-end=\"1848\">\n<p data-start=\"1798\" data-end=\"1848\">Coordinar inscripciones, pagos y certificaciones<\/p>\n<\/li>\n<li data-start=\"1849\" data-end=\"1932\">\n<p data-start=\"1851\" data-end=\"1932\">Enviar comunicaciones relevantes (newsletter, novedades, materiales formativos)<\/p>\n<\/li>\n<li data-start=\"1933\" data-end=\"1985\">\n<p data-start=\"1935\" data-end=\"1985\">Cumplir con obligaciones legales o contractuales<\/p>\n<\/li>\n<li data-start=\"1986\" data-end=\"2056\">\n<p data-start=\"1988\" data-end=\"2056\">Mejorar la experiencia de navegaci\u00f3n y el funcionamiento del sitio<\/p>\n<\/li>\n<\/ul>\n<p data-start=\"2058\" data-end=\"2141\">En ning\u00fan caso utilizaremos tus datos para fines incompatibles con los mencionados.<\/p>\n<hr data-start=\"2143\" data-end=\"2146\" \/>\n<h2 data-start=\"2148\" data-end=\"2168\"><strong data-start=\"2151\" data-end=\"2168\">4. Base legal<\/strong><\/h2>\n<p data-start=\"2169\" data-end=\"2264\">El tratamiento de datos personales se realiza con una o varias de las siguientes bases legales:<\/p>\n<ul data-start=\"2266\" data-end=\"2466\">\n<li data-start=\"2266\" data-end=\"2297\">\n<p data-start=\"2268\" data-end=\"2297\">Tu consentimiento expl\u00edcito<\/p>\n<\/li>\n<li data-start=\"2298\" data-end=\"2353\">\n<p data-start=\"2300\" data-end=\"2353\">Ejecuci\u00f3n de un contrato o gesti\u00f3n de una solicitud<\/p>\n<\/li>\n<li data-start=\"2354\" data-end=\"2394\">\n<p data-start=\"2356\" data-end=\"2394\">Cumplimiento de obligaciones legales<\/p>\n<\/li>\n<li data-start=\"2395\" data-end=\"2466\">\n<p data-start=\"2397\" data-end=\"2466\">Inter\u00e9s leg\u00edtimo de GPE Consultores en mejorar su oferta de servicios<\/p>\n<\/li>\n<\/ul>\n<hr data-start=\"2468\" data-end=\"2471\" \/>\n<h2 data-start=\"2473\" data-end=\"2517\"><strong data-start=\"2476\" data-end=\"2517\">5. Compartici\u00f3n de datos con terceros<\/strong><\/h2>\n<p data-start=\"2518\" data-end=\"2550\">Podemos compartir tus datos con:<\/p>\n<ul data-start=\"2552\" data-end=\"2778\">\n<li data-start=\"2552\" data-end=\"2645\">\n<p data-start=\"2554\" data-end=\"2645\">Proveedores de servicios tecnol\u00f3gicos (hosting, email marketing, sistemas de inscripci\u00f3n)<\/p>\n<\/li>\n<li data-start=\"2646\" data-end=\"2724\">\n<p data-start=\"2648\" data-end=\"2724\">Docentes, facilitadores o partners involucrados en cursos y capacitaciones<\/p>\n<\/li>\n<li data-start=\"2725\" data-end=\"2778\">\n<p data-start=\"2727\" data-end=\"2778\">Entidades p\u00fablicas cuando exista obligaci\u00f3n legal<\/p>\n<\/li>\n<\/ul>\n<p data-start=\"2780\" data-end=\"2839\"><strong data-start=\"2780\" data-end=\"2839\">Nunca vendemos ni comercializamos tus datos personales.<\/strong><\/p>\n<hr data-start=\"2841\" data-end=\"2844\" \/>\n<h2 data-start=\"2846\" data-end=\"2886\"><strong data-start=\"2849\" data-end=\"2886\">6. Transferencias internacionales<\/strong><\/h2>\n<p data-start=\"2887\" data-end=\"3038\">Algunos proveedores tecnol\u00f3gicos pueden operar fuera de Argentina. En esos casos, garantizamos que cumplen est\u00e1ndares adecuados de protecci\u00f3n de datos.<\/p>\n<hr data-start=\"3040\" data-end=\"3043\" \/>\n<h2 data-start=\"3045\" data-end=\"3089\"><strong data-start=\"3048\" data-end=\"3089\">7. Derechos de los titulares de datos<\/strong><\/h2>\n<p data-start=\"3090\" data-end=\"3119\">Como usuario ten\u00e9s derecho a:<\/p>\n<ul data-start=\"3121\" data-end=\"3327\">\n<li data-start=\"3121\" data-end=\"3144\">\n<p data-start=\"3123\" data-end=\"3144\" style=\"text-align: center;\">Acceder a tus datos<\/p>\n<\/li>\n<li data-start=\"3145\" data-end=\"3178\" style=\"text-align: center;\">\n<p data-start=\"3147\" data-end=\"3178\">Rectificarlos o actualizarlos<\/p>\n<\/li>\n<li data-start=\"3179\" data-end=\"3207\" style=\"text-align: center;\">\n<p data-start=\"3181\" data-end=\"3207\">Solicitar su eliminaci\u00f3n<\/p>\n<\/li>\n<li data-start=\"3208\" data-end=\"3237\" style=\"text-align: center;\">\n<p data-start=\"3210\" data-end=\"3237\">Revocar el consentimiento<\/p>\n<\/li>\n<li data-start=\"3238\" data-end=\"3265\" style=\"text-align: center;\">\n<p data-start=\"3240\" data-end=\"3265\">Oponerte al tratamiento<\/p>\n<\/li>\n<li data-start=\"3266\" data-end=\"3327\">\n<p data-start=\"3268\" data-end=\"3327\" style=\"text-align: center;\">Solicitar informaci\u00f3n sobre la finalidad del almacenamiento<\/p>\n<\/li>\n<\/ul>\n<p data-start=\"3329\" data-end=\"3407\">Pod\u00e9s ejercer estos derechos enviando un correo a <strong data-start=\"3379\" data-end=\"3406\"><a data-start=\"3381\" data-end=\"3404\" class=\"decorated-link cursor-pointer\" rel=\"noopener\">info@gpeconsultores.com<span aria-hidden=\"true\" class=\"ms-0.5 inline-block align-middle leading-none\"><svg width=\"20\" height=\"20\" viewbox=\"0 0 20 20\" fill=\"currentColor\" xmlns=\"http:\/\/www.w3.org\/2000\/svg\" data-rtl-flip=\"\" class=\"block h-[0.75em] w-[0.75em] stroke-current stroke-[0.75]\"><path d=\"M14.3349 13.3301V6.60645L5.47065 15.4707C5.21095 15.7304 4.78895 15.7304 4.52925 15.4707C4.26955 15.211 4.26955 14.789 4.52925 14.5293L13.3935 5.66504H6.66011C6.29284 5.66504 5.99507 5.36727 5.99507 5C5.99507 4.63273 6.29284 4.33496 6.66011 4.33496H14.9999L15.1337 4.34863C15.4369 4.41057 15.665 4.67857 15.665 5V13.3301C15.6649 13.6973 15.3672 13.9951 14.9999 13.9951C14.6327 13.9951 14.335 13.6973 14.3349 13.3301Z\"><\/path><\/svg><\/span><\/a><\/strong>.<\/p>\n<hr data-start=\"3409\" data-end=\"3412\" \/>\n<h2 data-start=\"3414\" data-end=\"3451\"><strong data-start=\"3417\" data-end=\"3451\">8. Seguridad de la informaci\u00f3n<\/strong><\/h2>\n<p data-start=\"3452\" data-end=\"3558\">Implementamos medidas t\u00e9cnicas, organizativas y administrativas razonables para proteger los datos contra:<\/p>\n<ul data-start=\"3560\" data-end=\"3640\">\n<li data-start=\"3560\" data-end=\"3584\">\n<p data-start=\"3562\" data-end=\"3584\">Acceso no autorizado<\/p>\n<\/li>\n<li data-start=\"3585\" data-end=\"3596\">\n<p data-start=\"3587\" data-end=\"3596\">P\u00e9rdida<\/p>\n<\/li>\n<li data-start=\"3597\" data-end=\"3613\">\n<p data-start=\"3599\" data-end=\"3613\">Uso indebido<\/p>\n<\/li>\n<li data-start=\"3614\" data-end=\"3640\">\n<p data-start=\"3616\" data-end=\"3640\">Alteraci\u00f3n o divulgaci\u00f3n<\/p>\n<\/li>\n<\/ul>\n<hr data-start=\"3642\" data-end=\"3645\" \/>\n<h2 data-start=\"3647\" data-end=\"3682\"><strong data-start=\"3650\" data-end=\"3682\">9. Conservaci\u00f3n de los datos<\/strong><\/h2>\n<p data-start=\"3683\" data-end=\"3820\">Los datos se conservar\u00e1n solo durante el tiempo necesario para cumplir con las finalidades descritas y las obligaciones legales vigentes.<\/p>\n<hr data-start=\"3822\" data-end=\"3825\" \/>\n<h2 data-start=\"3827\" data-end=\"3845\"><strong data-start=\"3830\" data-end=\"3845\">10. Cookies<\/strong><\/h2>\n<p data-start=\"3846\" data-end=\"4080\">Nuestro sitio utiliza cookies para mejorar la navegaci\u00f3n. Pod\u00e9s configurar tu navegador para rechazarlas o eliminarlas. Para m\u00e1s informaci\u00f3n, consult\u00e1 la secci\u00f3n espec\u00edfica de pol\u00edticas de cookies (podemos redactarla si la necesit\u00e1s).<\/p>\n<hr data-start=\"4082\" data-end=\"4085\" \/>\n<h2 data-start=\"4087\" data-end=\"4128\"><strong data-start=\"4090\" data-end=\"4128\">11. Modificaciones a esta pol\u00edtica<\/strong><\/h2>\n<p data-start=\"4129\" data-end=\"4270\">Nos reservamos el derecho a actualizar esta Pol\u00edtica de Privacidad en cualquier momento. La versi\u00f3n vigente ser\u00e1 la publicada en esta p\u00e1gina.<\/p>\n<hr data-start=\"4272\" data-end=\"4275\" \/>\n<h2 data-start=\"4277\" data-end=\"4296\"><strong data-start=\"4280\" data-end=\"4296\">12. Contacto<\/strong><\/h2>\n<p data-start=\"4297\" data-end=\"4431\">Si ten\u00e9s consultas sobre esta pol\u00edtica o el tratamiento de tus datos personales, pod\u00e9s escribirnos a:<br data-start=\"4398\" data-end=\"4401\" \/>\ud83d\udce9 <strong data-start=\"4404\" data-end=\"4431\"><a data-start=\"4406\" data-end=\"4429\" class=\"decorated-link cursor-pointer\" rel=\"noopener\">info@gpeconsultores.com<\/a><\/strong><\/p>[\/et_pb_text][\/et_pb_column][\/et_pb_row][\/et_pb_section]\n","protected":false},"excerpt":{"rendered":"<p>Pol\u00edticas de PrivacidadEn GPE Consultores nos comprometemos a proteger la privacidad y la seguridad de los datos personales que nos proporcionan nuestros usuarios, clientes y visitantes. Esta Pol\u00edtica de Privacidad describe c\u00f3mo recopilamos, utilizamos, almacenamos y resguardamos la informaci\u00f3n personal en cumplimiento con la Ley N.\u00ba 25.326 de Protecci\u00f3n de Datos Personales de la Rep\u00fablica [&hellip;]<\/p>\n","protected":false},"author":1,"featured_media":0,"parent":0,"menu_order":0,"comment_status":"closed","ping_status":"closed","template":"","meta":{"_et_pb_use_builder":"on","_et_pb_old_content":"","_et_gb_content_width":"","footnotes":""},"class_list":["post-82","page","type-page","status-publish","hentry"],"_links":{"self":[{"href":"https:\/\/sebastianrabinowicz.com\/index.php\/wp-json\/wp\/v2\/pages\/82","targetHints":{"allow":["GET"]}}],"collection":[{"href":"https:\/\/sebastianrabinowicz.com\/index.php\/wp-json\/wp\/v2\/pages"}],"about":[{"href":"https:\/\/sebastianrabinowicz.com\/index.php\/wp-json\/wp\/v2\/types\/page"}],"author":[{"embeddable":true,"href":"https:\/\/sebastianrabinowicz.com\/index.php\/wp-json\/wp\/v2\/users\/1"}],"replies":[{"embeddable":true,"href":"https:\/\/sebastianrabinowicz.com\/index.php\/wp-json\/wp\/v2\/comments?post=82"}],"version-history":[{"count":3,"href":"https:\/\/sebastianrabinowicz.com\/index.php\/wp-json\/wp\/v2\/pages\/82\/revisions"}],"predecessor-version":[{"id":87,"href":"https:\/\/sebastianrabinowicz.com\/index.php\/wp-json\/wp\/v2\/pages\/82\/revisions\/87"}],"wp:attachment":[{"href":"https:\/\/sebastianrabinowicz.com\/index.php\/wp-json\/wp\/v2\/media?parent=82"}],"curies":[{"name":"wp","href":"https:\/\/api.w.org\/{rel}","templated":true}]}}